e 2?
10110111
Convert 55 (base 12) to base 7.
122
15 (base 14) to base 12
17
What is -7 (base 14) in base 16?
-7
1 (base 6) to base 4
1
Convert 3 (base 5) to base 11.
3
What is -13 (base 10) in base 8?
-15
Convert 0 (base 9) to base 14.
0
What is -1 (base 3) in base 16?
-1
What is 33 (base 6) in base 4?
111
Convert -3 (base 9) to base 8.
-3
What is 32 (base 7) in base 15?
18
What is -101 (base 2) in base 14?
-5
-1111 (base 2) to base 10
-15
Convert 23 (base 8) to base 11.
18
Convert a (base 16) to base 13.
a
Convert -4 (base 10) to base 16.
-4
220 (base 3) to base 10
24
Convert 27 (base 8) to base 7.
32
c (base 15) to base 13
c
What is -513 (base 6) in base 13?
-117
Convert 152 (base 13) to base 14.
12c
Convert 141 (base 14) to base 3.
100101
Convert -2a (base 15) to base 16.
-28
What is -2 (base 9) in base 14?
-2
Convert -10 (base 7) to base 15.
-7
What is -3 (base 9) in base 5?
-3
10 (base 2) to base 6
2
3 (base 16) to base 2
11
Convert 2 (base 3) to base 9.
2
-14 (base 8) to base 7
-15
What is 0 (base 7) in base 9?
0
Convert -2 (base 15) to base 3.
-2
Convert 1001001 (base 2) to base 7.
133
What is -20 (base 16) in base 5?
-112
Convert -2 (base 16) to base 15.
-2
Convert -10 (base 8) to base 12.
-8
-8 (base 13) to base 3
-22
What is -123 (base 4) in base 11?
-25
What is -30 (base 6) in base 11?
-17
Convert 1002 (base 4) to base 6.
150
Convert -100 (base 2) to base 13.
-4
-10 (base 8) to base 2
-1000
Convert 1 (base 11) to base 14.
1
2 (base 6) to base 10
2
-3 (base 14) to base 9
-3
-13 (base 9) to base 12
-10
Convert -3 (base 7) to base 9.
-3
What is 17 (base 11) in base 2?
10010
350 (base 6) to base 7
255
-15 (base 8) to base 7
-16
What is 20 (base 7) in base 16?
e
214 (base 5) to base 3
2012
What is 16 (base 9) in base 3?
120
What is -112 (base 4) in base 16?
-16
Convert -2 (base 9) to base 14.
-2
Convert -2 (base 5) to base 10.
-2
Convert -7c (base 15) to base 13.
-90
Convert 2 (base 14) to base 8.
2
-4 (base 12) to base 8
-4
Convert -9 (base 14) to base 12.
-9
-19 (base 10) to base 15
-14
65 (base 13) to base 4
1103
What is -16 (base 13) in base 14?
-15
Convert 3 (base 6) to base 4.
3
What is -15 (base 13) in base 11?
-17
Convert 45 (base 12) to base 2.
110101
-37 (base 11) to base 2
-101000
35 (base 8) to base 14
21
-21 (base 12) to base 7
-34
What is 7 (base 8) in base 6?
11
What is 101111 (base 2) in base 16?
2f
Convert 84 (base 11) to base 14.
68
33 (base 7) to base 3
220
1 (base 6) to base 2
1
Convert 0 (base 14) to base 10.
0
10 (base 2) to base 10
2
Convert -5 (base 15) to base 11.
-5
What is -28 (base 15) in base 12?
-32
58 (base 15) to base 5
313
Convert -169 (base 16) to base 10.
-361
What is 120 (base 7) in base 5?
223
Convert -10 (base 14) to base 3.
-112
Convert -1011111 (base 2) to base 11.
-87
365 (base 8) to base 9
302
What is 120 (base 3) in base 13?
12
What is 20 (base 7) in base 4?
32
0 (base 5) to base 7
0
Convert 342 (base 5) to base 8.
141
What is 4 (base 9) in base 12?
4
What is -101010 (base 2) in base 6?
-110
What is 10 (base 6) in base 15?
6
Convert -42 (base 5) to base 12.
-1a
Convert 1 (base 3) to base 4.
1
Convert -2b (base 13) to base 15.
-27
What is -4 (base 10) in base 16?
-4
What is 17 (base 12) in base 3?
201
Convert -242 (base 7) to base 13.
-9b
Convert -3 (base 13) to base 10.
-3
Convert -10 (base 3) to base 16.
-3
Convert 2 (base 12) to base 3.
2
7 (base 9) to base 15
7
What is 24 (base 6) in base 14?
12
Convert 3d (base 15) to base 16.
3a
-7a (base 12) to base 14
-6a
Convert 0 (base 3) to base 13.
0
What is 2 (base 13) in base 9?
2
Convert 6 (base 9) to base 16.
6
What is -1 (base 8) in base 10?
-1
-143 (base 12) to base 15
-d0
4 (base 14) to base 16
4
Convert 19 (base 12) to base 9.
23
Convert 21 (base 5) to base 11.
10
5 (base 8) to base 13
5
Convert 4 (base 16) to base 14.
4
Convert 3 (base 6) to base 15.
3
What is 1100 (base 3) in base 11?
33
Convert 18 (base 12) to base 4.
110
4 (base 8) to base 14
4
-12110 (base 3) to base 11
-124
What is -2420 (base 5) in base 16?
-168
What is -2 (base 11) in base 7?
-2
What is 100 (base 2) in base 5?
4
What is 120 (base 6) in base 4?
300
12 (base 11) to base 5
23
What is 11 (base 6) in base 4?
13
-8 (base 10) to base 7
-11
Convert 3 (base 15) to base 3.
10
Convert 5 (base 13) to base 4.
11
Convert -139 (base 11) to base 8.
-243
What is -24 (base 7) in base 2?
-10010
Convert -5 (base 15) to base 12.
-5
Convert -1 (base 6) to base 4.
-1
What is 9 (base 16) in base 9?
10
Convert -101 (base 2) to base 10.
-5
What is -1010 (base 2) in base 6?
-14
Convert -6 (base 14) to base 12.
-6
What is 0 (base 13) in base 11?
0
What is 140 (base 6) in base 3?
2020
-2033 (base 4) to base 14
-a3
What is -4 (base 12) in base 4?
-10
What is -2 (base 4) in base 9?
-2
Convert -30 (base 16) to base 2.
-110000
What is -11 (base 4) in base 3?
-12
Convert -12 (base 11) to base 15.
-d
What is -6 (base 7) in base 14?
-6
Convert 1b (base 14) to base 2.
11001
What is -3 (base 9) in base 4?
-3
Convert 44 (base 12) to base 15.
37
Convert 3 (base 5) to base 7.
3
What is -41 (base 11) in base 7?
-63
What is 12 (base 8) in base 2?
1010
142 (base 7) to base 13
61
4 (base 11) to base 13
4
-104 (base 5) to base 11
-27
21 (base 5) to base 8
13
What is 0 (base 5) in base 10?
0
-28 (base 12) to base 5
-112
What is -48 (base 14) in base 16?
-40
Convert 40 (base 5) to base 13.
17
-78 (base 10) to base 9
-86
Convert -1 (base 13) to base 15.
-1
What is -2f (base 16) in base 10?
-47
-12 (base 3) to base 15
-5
-220 (base 10) to base 15
-ea
Convert 66 (base 11) to base 8.
110
-32 (base 12) to base 5
-123
10a (base 11) to base 7
245
What is 4 (base 9) in base 6?
4
What is -41 (base 5) in base 3?
-210
2 (base 15) to base 4
2
30 (base 4) to base 14
c
Convert 201 (base 3) to base 8.
23
6 (base 10) to base 3
20
Convert -1 (base 11) to base 13.
-1
Convert -11 (base 5) to base 3.
-20
2112 (base 3) to base 9
75
What is -31 (base 5) in base 8?
-20
What is 2 (base 9) in base 12?
2
Convert -82 (base 12) to base 7.
-200
What is 1 (base 13) in base 3?
1
-10 (base 8) to base 16
-8
What is 34 (base 9) in base 14?
23
What is -24 (base 16) in base 14?
-28
What is -1b (base 13) in base 16?
-18
Convert -101 (base 3) to base 16.
-a
What is 0 (base 10) in base 11?
0
Convert 84 (base 10) to base 8.
124
Convert 3 (base 4) to base 9.
3
Convert 151 (base 9) to base 16.
7f
-127 (base 9) to base 11
-97
Convert 10 (base 13) to base 15.
d
Convert 3 (base 14) to base 2.
11
What is 0 (base 12) in base 11?
0
What is -7 (base 13) in base 12?
-7
Convert -9 (base 11) to base 3.
-100
Convert 0 (base 5) to base 8.
0
What is -1140 (base 5) in base 14?
-c2
-211 (base 3) to base 11
-20
9 (base 10) to base 11
9
21 (base 16) to base 15
23
Convert -61 (base 15) to base 4.
-1123
Convert -179 (base 11) to base 8.
-317
3 (base 12) to base 3
10
-20 (base 16) to base 12
-28
What is 0 (base 9) in base 7?
0
-1231 (base 6) to base 13
-1a8
What is -3 (base 14) in base 6?
-3
What is -3 (base 9) in base 15?
-3
ed (base 15) to base 6
1011
Convert -18 (base 12) to base 15.
-15
What is 86 (base 11) in base 12?
7a
What is 12 (base 4) in base 2?
110
Convert -10c (base 13) to base 14.
-cd
What is 2 (base 14) in base 15?
2
-b (base 13) to base 6
-15
What is 2 (base 7) in base 11?
2
Convert 1011 (base 2) to base 13.
b
Convert -2 (base 5) to base 7.
-2
-10b (base 14) to base 15
-dc
Convert -b (base 13) to base 12.
-b
Convert 104 (base 9) to base 3.
10011
What is 103 (base 5) in base 13?
22
Convert -2000 (base 3) to base 11.
-4a
20 (base 6) to base 8
14
11011 (base 2) to base 8
33
What is 15 (base 14) in base 13?
16
-1142 (base 5) to base 6
-444
4 (base 10) to base 6
4
40 (base 11) to base 3
1122
Convert 57 (base 8) to base 7.
65
Convert -35 (base 12) to base 3.
-1112
-9 (base 10) to base 9
-10
Convert 20 (base 12) to base 2.
11000
3 (base 5) to base 4
3
What is 11 (base 4) in base 11?
5
-115 (base 6) to base 4
-233
What is 433 (base 5) in base 4?
1312
-15 (base 12) to base 6
-25
What is 21012 (base 3) in base 10?
194
-15 (base 15) to base 16
-14
What is -3 (base 15) in base 16?
-3
What is -2 (base 14) in base 11?
-2
-432 (base 7) to base 14
-119
What is 3 (base 4) in base 8?
3
0 (base 13) to base 5
0
Convert -1 (base 7) to base 14.
-1
Convert -3b (base 12) to base